4). Let b = -9 - -14. Suppose -w + 1 = -3*h, w = b*w + 4*h - n. What are the prime factors of w?
2
Suppose -4*p + 32 = -32. Suppose -28 = -2*k + p. List the prime factors of k.
2, 11
Suppose 4*c - 3*a - 179 = -c, 84 = 2*c + 5*a. What are the prime factors of c?
37
Let n = -9 + 13. List the prime factors of n.
2
Let m be 5 + (2 - 1 - 4). Suppose 0 = -4*k - 4*v, -k - 6 = -0*v - m*v. Let y = 5 + k. List the prime factors of y.
3
Let b(a) = a + 5. Let h be b(0). Suppose w + 3*m + m = -20, m - 16 = h*w. What are the prime factors of (-1 - -34)*w/(-12)?
11
Suppose m + 7 = 2*r, -3*m + m = 3*r + 7. Let x be 2 + ((-2)/(-2) - 0). Let d = r + x. List the prime factors of d.
2
Let f(w) = 5*w**2 + 2*w + 3. Let j be f(-2). Let v = j + 1. What are the prime factors of v?
2, 5
Let k(u) = u**2 - 7*u - 6. Let c be k(6). Let x = c + 19. What are the prime factors of x?
7
Let j(d) = d**2 - 3*d - 4. Let c be j(5). Let k(v) = 3*v - 2. What are the prime factors of k(c)?
2
Let g be 1*2 + (-16)/4. Let r be ((g - 0)*-1)/(-1). What are the prime factors of (-366)/(-42) - r/7?
3
Suppose -j = -3*i + 256, i + 2*j + 344 = 5*i. What are the prime factors of i?
2, 3, 7
Let c(b) = b**2 + 20*b - 20. List the prime factors of c(-23).
7
List the prime factors of (-52)/(-8) + 1/(-2).
2, 3
Suppose w + 4*w = 60. Let j = -8 + w. Suppose j*q - 68 = -20. What are the prime factors of q?
2, 3
Suppose 4*u + 3*b + 4 + 28 = 0, -u = 5*b + 8. What are the prime factors of (u/2)/((-38)/437)?
2, 23
Suppose 0 = 3*n - 0*n - 3. Suppose s + r - 9 = 0, 2*r - 25 + n = -3*s. List the prime factors of s.
2, 3
Suppose 0 = 7*o + 770 - 3150. What are the prime factors of o?
2, 5, 17
Let y be ((-2)/(-5))/(3/15). Let r be (-256)/(-18) + y/(-9). Let g = r + 5. List the prime factors of g.
19
Let f(r) = 3*r**2 - 5*r. What are the prime factors of f(4)?
2, 7
Suppose 5 = n - j, -3*n + 4*j + 17 = -0*n. Suppose -n*f = 0, -c + 2*c + 2*f = 17. What are the prime factors of c?
17
Suppose -5*w + 185 = 5*o, 2*o = -2*w + 4*o + 54. What are the prime factors of w?
2
Suppose 4*m = -h - 20, 2*h + 4*m + 19 = -1. Let t = 4 - h. Suppose t*n + 5*l - 32 = 0, 3*l - 2 - 1 = 3*n. What are the prime factors of n?
3
Let p = -7 - -15. What are the prime factors of ((-6)/4)/((-2)/p)?
2, 3
Let r(g) = g**3 - g. Let l be r(1). Suppose 2*z - z - 22 = l. What are the prime factors of z?
2, 11
Let i be -13 + 6 + -1 + 2. What are the prime factors of (-4)/((-40)/i)*-10?
2, 3
Let x(h) = h**2 - h - 1. Let v be x(-4). Let a = v + -13. What are the prime factors of a?
2, 3
Suppose -5*t = -t - 184. What are the prime factors of t?
2, 23
Suppose -4*f - 22 = -2. Let l = f + 9. What are the prime factors of l?
2
Let d = 174 + 5. What are the prime factors of d?
179
Let y = 59 + -5. Suppose -4*g + y = -g. List the prime factors of 176/g + (-6)/(-27).
2, 5
Let v(q) = -46*q**2 - 1. Let o be v(1). Let b = -265 + o. List the prime factors of (-4)/22 - b/22.
2, 7
Suppose -2*x = 3*u - u - 6, -3*u = -x - 9. Suppose x = a + 2*a. Suppose -39 = -2*p - 2*p - 3*m, a = -2*m + 10. List the prime factors of p.
2, 3
Suppose 0 = -10*x + 5*x. Let v(b) = -3*b**2 - 3*b + 4. Let g(w) = 13*w**2 + 13*w - 17. Let j(s) = 2*g(s) + 9*v(s). List the prime factors of j(x).
2
Suppose 0 = v - 59 + 21. List the prime factors of v.
2, 19
Let q(f) = -5*f**3 + 8*f**2 - 10*f + 3. Let u(w) = 14*w**3 - 23*w**2 + 29*w - 8. Let c(d) = 17*q(d) + 6*u(d). What are the prime factors of c(-4)?
19
Suppose -s + 6 = -1. Suppose 5*v = 20 + 25. Let a = v - s. List the prime factors of a.
2
Let b(f) = -2*f - 8. Let y = -24 + 14. List the prime factors of b(y).
2, 3
Let b(z) = z + 9. Let l be b(0). Let u = l + -6. What are the prime factors of u?
3
Suppose -5*w + 2 + 9 = 2*j, 5*w = 15. Let r be (-18)/(-4) + (-1)/j. Suppose 2*v - r = 1. List the prime factors of v.
3
Suppose h = 14 + 17. What are the prime factors of h?
31
Let a(x) = -18*x**3 + 2*x**2 + x. Let s be a(-1). Suppose 0 = -g + 4*z - s, -18 = 5*g - 5*z + 32. Let t = 1 - g. List the prime factors of t.
2
Suppose -18 = -4*i + 2. Suppose -2*q - 5*g = -16, -i*g = 2*q - q - 3. What are the prime factors of q?
13
Suppose 4*p + v + 17 = -0*p, 4*v = 4*p + 12. Let g = p - 1. List the prime factors of -17*(g - -1 - -3).
17
Suppose 3*f - 99 = 177. List the prime factors of f.
2, 23
Suppose -t - 325 = -6*t. What are the prime factors of t?
5, 13
Suppose 3*s - 1 - 5 = 0. Suppose -7 = -s*o - 1. Suppose 0 = -y + 5 + o. List the prime factors of y.
2
Let h = 23 + 9. List the prime factors of h.
2
Suppose -8*o = -218 - 342. List the prime factors of o.
2, 5, 7
Let c be (-40)/(3/(-3*2)). Suppose 0*a - c = -4*a. Suppose -5*k + 2*q = -3*q - a, -2*q - 12 = -4*k. What are the prime factors of k?
2
Let t(k) be the first derivative of k**5/60 - 3*k**4/8 + 2*k**3 + k**2/2 - 2. Let p(q) be the second derivative of t(q). What are the prime factors of p(9)?
2, 3
Suppose 32*q - 25*q = 2023. List the prime factors of q.
17
Let d(w) = w + 10. Let v be (-4)/16 + (-39)/4. Let k be d(v). Suppose -4*z = a - 2, 4 = 2*a - k*a + 5*z. List the prime factors of a.
2
Suppose -3*x + 2 = -121. Let l = -22 + x. List the prime factors of l.
19
Let c = 173 - 103. List the prime factors of c.
2, 5, 7
Let r be ((-4)/(-5))/((-4)/(-10)). Suppose 0 = 4*t + 3*h - 17, -3*t - 3*h + 19 = r*t. Suppose f = -t*u + 8 + 7, -4*f + 21 = -5*u. List the prime factors of f.
3
Let f = -6 + 10. Suppose -2*w - 62 = -f*p, 0 = -2*w + 3 - 1. List the prime factors of p.
2
Suppose 0*n = n + 2*f - 31, -3*f - 84 = -3*n. List the prime factors of n.
29
Suppose 2*c - 44 = -2*c - 4*y, -4*y = 0. Let h = c - 6. Suppose 3*i = h*i - 12. List the prime factors of i.
2, 3
Suppose 5*y - 2*y + 165 = 0. List the prime factors of y/(-6) + (-4)/24.
3
Suppose 4*g = 5*g - 4, 0 = -5*n + g + 6. Let f be 0/(-9) - (-4)/n. Suppose -47 = -5*b - 2*d, f*b - 4*b + 5*d + 13 = 0. What are the prime factors of b?
3
Suppose 48 = 8*p - 6*p. What are the prime factors of p?
2, 3
Let q(i) = -35*i - 46. List the prime factors of q(-6).
2, 41
Suppose 0 = -r + 2*h + 5, 5*r - 2*h = 21 + 4. Suppose -4*y = r*p - 4, 1 = -p + y + 9. What are the prime factors of p?
2
Let q(o) be the second derivative of -o**3/6 + 9*o**2/2 - 3*o. What are the prime factors of q(6)?
3
Let g be (-2)/10 - (-78)/15. Let p = -3 - -6. Let f = g - p. List the prime factors of f.
2
Let v = -5 - -12. Suppose -5*q - 2*h + v = -38, -17 = -2*q - h. What are the prime factors of q?
11
Let f = -7 - -38. List the prime factors of f.
31
Let b(w) = w**3 + 8*w**2 + 7*w + 4. Let q be b(-7). Let f = q - 4. Let d(j) = j**2 + j + 7. List the prime factors of d(f).
7
Suppose 0 = -3*t + 15 - 6. Suppose 6*r = 5*r - t*l + 23, 4*l + 17 = 3*r. Suppose -y - 4*y = q + r, -5*q + 17 = y. What are the prime factors of q?
2
Let i be 2 - 9*(-3 - 2). Suppose -i = -5*z - d, -4*z + d + 7 = -3*z. List the prime factors of z.
3
Let n(p) = p**2 + 8*p - 8. Let i be n(-7). Let a = -5 - i. List the prime factors of a.
2, 5
Let t be (60/9)/(1/3). Suppose -2*b + 4*z = -t, -3*b - z + 43 = -1. List the prime factors of b.
2, 7
Let i = 56 + -49. List the prime factors of i.
7
Let h(b) be the second derivative of -8*b**3/3 - b**2/2 + 3*b. Let k be h(-1). Suppose -5*c = -k - 50. List the prime factors of c.
13
Let m = 6 + -8. Let y(u) = 2*u**2 + 3*u + 3. Let d be y(m). Suppose -d = -x - 4*a + 3*a, 3*x - 15 = 3*a. What are the prime factors of x?
5
Suppose 0 = -3*y + 6*y - 9. Suppose y*c = 9, 2*k - 3*c + 1 = -4. List the prime factors of k/(-1) + 8 + 0.
2, 3
Let k(b) = 2*b - 13. Let d(m) = -m + 1. Let l(a) = 5*d(a) + k(a). List the prime factors of l(-6).
2, 5
Let i(u) = -u**3 - 4*u**2 + u - 7. What are the prime factors of i(-6)?
59
Let l = -13 + 24. Suppose 5*m + 2 = -3, -5*m - l = -3*u. Suppose 4*h - 28 = -u*q, -6*h - 5*q + 28 = -3*h. List the prime factors of h.
2, 3
Let q = 41 - -77. What are the prime factors of q?
2, 59
Let v = 130 + -40. List the prime factors of v.
2, 3, 5
Let k = 30 + -3. List the prime factors of k.
3
Let i(n) = -n**2 + n + 4. Let p(b) = 8*b**2. Let y be p(-1). Let f be (-2)/8 - (-2)/y. List the prime factors of i(f).
2
Suppose -2*a - 3*j = -0*a - 13, -5*j = -4*a + 15. Suppose -a*z + 4*z = 0. Suppose 2*y - 3*y + 6 = z. What are the prime factors of y?
2, 3
What are the prime factors of 